{"id":192,"date":"2024-08-14T20:24:38","date_gmt":"2024-08-14T20:24:38","guid":{"rendered":"https:\/\/worldmedicalcaresa.co\/?page_id=192"},"modified":"2024-08-14T21:10:09","modified_gmt":"2024-08-14T21:10:09","slug":"contactenos","status":"publish","type":"page","link":"https:\/\/worldmedicalcaresa.co\/index.php\/contactenos\/","title":{"rendered":"CONTACTENOS"},"content":{"rendered":"\n<div class=\"wp-block-columns alignwide are-vertically-aligned-center is-layout-flex wp-container-core-columns-is-layout-9d6595d7 wp-block-columns-is-layout-flex\">\n<div class=\"wp-block-column is-vertically-aligned-center is-layout-flow wp-block-column-is-layout-flow\" style=\"flex-basis:66.66%\">\n<div style=\"width: 100%\"><iframe width=\"100%\" height=\"600\" frameborder=\"0\" scrolling=\"no\" marginheight=\"0\" marginwidth=\"0\" src=\"https:\/\/maps.google.com\/maps?width=100%25&amp;height=600&amp;hl=es&amp;q=+(campestre%20tower)&amp;t=&amp;z=14&amp;ie=UTF8&amp;iwloc=B&amp;output=embed\"><a href=\"https:\/\/www.gps.ie\/car-satnav-gps\/\">GPS devices<\/a><\/iframe><\/div>\n<\/div>\n\n\n\n<div class=\"wp-block-column is-vertically-aligned-center is-layout-flow wp-block-column-is-layout-flow\" style=\"flex-basis:33.33%\">\n<p>SEDE PRINCIPAL WORLD MEDICAL CARE S.A.<br>L\u00ednea Institucional<br>PBX: 2 \u2013 555 87 91<br>Tel: <a href=\"https:\/\/wa.me\/573167407706\">+57 316 740 77 06<\/a><br><a rel=\"noreferrer noopener\" href=\"mailto:servicioalcliente@worldmedicalcaresa.co\" target=\"_blank\">servicioalcliente@worldmedicalcaresa.co<\/a><\/p>\n\n\n\n<p>Direcci\u00f3n:<br>CALLE 11 No 100 \u2013 121 OFICINA 308<br>EDIFICIO TOWERS CAMPESTRE (Detr\u00e1s del Centro Comercial Holguines) Trade Center (Sur de cali)<\/p>\n\n\n\n<p><\/p>\n\n\n\n<p>FARMACIA &amp; DROGUER\u00cdA WORLD MEDICAL CARE<br>Dispensaci\u00f3n Pacientes<br>CALLE 5B3 No 36 \u2013 36 Local 1<br>Lado Occidental del Estadio<br>FUNDACI\u00d3N LIGA COLOMBIANA CONTRA LA EPILEPSIA<br>Tel: <a href=\"https:\/\/wa.me\/573134041091\" data-type=\"URL\" data-id=\"https:\/\/wa.me\/573134041091\" target=\"_blank\" rel=\"noreferrer noopener\">+57 313 4041 091<\/a><br><a href=\"mailto:farmacia@worldmedicalcaresa.co\" target=\"_blank\" rel=\"noreferrer noopener\">farmacia@worldmedicalcaresa.co<\/a><\/p>\n<\/div>\n<\/div>\n","protected":false},"excerpt":{"rendered":"<p>GPS devices SEDE PRINCIPAL WORLD MEDICAL CARE S.A.L\u00ednea InstitucionalPBX: 2 \u2013 555 87 91Tel: +57 316 740 77 06servicioalcliente@worldmedicalcaresa.co Direcci\u00f3n:CALLE 11 No 100 \u2013 121 OFICINA 308EDIFICIO TOWERS CAMPESTRE (Detr\u00e1s del Centro Comercial Holguines) Trade Center (Sur de cali) FARMACIA &amp; DROGUER\u00cdA WORLD MEDICAL CAREDispensaci\u00f3n PacientesCALLE 5B3 No 36 \u2013 36 Local 1Lado Occidental del &hellip; <a href=\"https:\/\/worldmedicalcaresa.co\/index.php\/contactenos\/\" class=\"more-link\">Continue reading <span class=\"screen-reader-text\">CONTACTENOS<\/span> <span class=\"meta-nav\">&rarr;<\/span><\/a><\/p>\n","protected":false},"author":1,"featured_media":0,"parent":0,"menu_order":0,"comment_status":"closed","ping_status":"closed","template":"","meta":{"footnotes":""},"class_list":["post-192","page","type-page","status-publish","hentry"],"_links":{"self":[{"href":"https:\/\/worldmedicalcaresa.co\/index.php\/wp-json\/wp\/v2\/pages\/192","targetHints":{"allow":["GET"]}}],"collection":[{"href":"https:\/\/worldmedicalcaresa.co\/index.php\/wp-json\/wp\/v2\/pages"}],"about":[{"href":"https:\/\/worldmedicalcaresa.co\/index.php\/wp-json\/wp\/v2\/types\/page"}],"author":[{"embeddable":true,"href":"https:\/\/worldmedicalcaresa.co\/index.php\/wp-json\/wp\/v2\/users\/1"}],"replies":[{"embeddable":true,"href":"https:\/\/worldmedicalcaresa.co\/index.php\/wp-json\/wp\/v2\/comments?post=192"}],"version-history":[{"count":7,"href":"https:\/\/worldmedicalcaresa.co\/index.php\/wp-json\/wp\/v2\/pages\/192\/revisions"}],"predecessor-version":[{"id":206,"href":"https:\/\/worldmedicalcaresa.co\/index.php\/wp-json\/wp\/v2\/pages\/192\/revisions\/206"}],"wp:attachment":[{"href":"https:\/\/worldmedicalcaresa.co\/index.php\/wp-json\/wp\/v2\/media?parent=192"}],"curies":[{"name":"wp","href":"https:\/\/api.w.org\/{rel}","templated":true}]}}